digit of 1112831393?
1
What is the tens digit of 54057601?
0
What is the ten thousands digit of 5202977491?
7
What is the hundred millions digit of 836152714?
8
What is the tens digit of 1208549445?
4
What is the thousands digit of 224829558?
9
What is the hundred thousands digit of 316916531?
9
What is the ten millions digit of 1155560581?
5
What is the ten thousands digit of 2030705924?
0
What is the millions digit of 318825114?
8
What is the hundred millions digit of 880572690?
8
What is the ten thousands digit of 426356941?
5
What is the tens digit of 131697618?
1
What is the hundred thousands digit of 9158036?
1
What is the ten millions digit of 1011020070?
1
What is the billions digit of 6584980900?
6
What is the ten thousands digit of 921664662?
6
What is the thousands digit of 10951541?
1
What is the ten thousands digit of 17516791?
1
What is the thousands digit of 4872869451?
9
What is the hundred thousands digit of 29114477?
1
What is the tens digit of 311252046?
4
What is the millions digit of 27665238?
7
What is the hundred thousands digit of 3683242774?
2
What is the ten millions digit of 62924109?
6
What is the units digit of 118115105?
5
What is the hundreds digit of 1667907358?
3
What is the hundred thousands digit of 2005329347?
3
What is the hundred thousands digit of 178785640?
7
What is the thousands digit of 6219834568?
4
What is the hundred thousands digit of 89203829?
2
What is the thousands digit of 375297243?
7
What is the hundred thousands digit of 212581240?
5
What is the thousands digit of 35434847?
4
What is the hundred thousands digit of 2519020694?
0
What is the ten millions digit of 708457191?
0
What is the hundreds digit of 4608174799?
7
What is the ten thousands digit of 144519255?
1
What is the units digit of 2884835919?
9
What is the hundred thousands digit of 1665776?
6
What is the thousands digit of 268520018?
0
What is the units digit of 6139726533?
3
What is the tens digit of 512778394?
9
What is the units digit of 92887295?
5
What is the units digit of 327057770?
0
What is the millions digit of 244267272?
4
What is the hundred millions digit of 3056430996?
0
What is the billions digit of 2894038203?
2
What is the units digit of 89461528?
8
What is the ten thousands digit of 3473092586?
9
What is the units digit of 24450275?
5
What is the hundreds digit of 97772450?
4
What is the hundreds digit of 67024119?
1
What is the thousands digit of 109275034?
5
What is the units digit of 4445447751?
1
What is the thousands digit of 2938673185?
3
What is the billions digit of 1218451072?
1
What is the tens digit of 86518215?
1
What is the units digit of 253358748?
8
What is the millions digit of 53848892?
3
What is the thousands digit of 337663417?
3
What is the ten thousands digit of 26349227?
4
What is the millions digit of 405021703?
5
What is the units digit of 890705946?
6
What is the millions digit of 38127602?
8
What is the millions digit of 904325216?
4
What is the billions digit of 1603943722?
1
What is the millions digit of 1449756063?
9
What is the hundred millions digit of 124071390?
1
What is the ten thousands digit of 74239560?
3
What is the units digit of 154416506?
6
What is the millions digit of 52773108?
2
What is the hundreds digit of 193648768?
7
What is the millions digit of 5106765829?
6
What is the units digit of 51583572?
2
What is the units digit of 5903104?
4
What is the tens digit of 1069364283?
8
What is the ten thousands digit of 2393501950?
0
What is the hundred thousands digit of 4148023?
1
What is the ten thousands digit of 60417719?
1
What is the tens digit of 3910784222?
2
What is the hundreds digit of 428084861?
8
What is the tens digit of 579470598?
9
What is the units digit of 125864734?
4
What is the millions digit of 722851724?
2
What is the ten thousands digit of 1167928355?
2
What is the hundreds digit of 377709843?
8
What is the thousands digit of 52772418?
2
What is the ten thousands digit of 146404337?
0
What is the ten thousands digit of 303105415?
0
What is the hundred thousands digit of 39295675?
2
What is the ten millions digit of 11944026?
1
What is the hundreds digit of 647862566?
5
What is the units digit of 27737493?
3
What is the thousands digit of 305000966?
0
What is the thousands digit of 319015702?
5
What is the ten thousands digit of 420144840?
4
What is the hundreds digit of 2134428306?
3
What is the hundred thousands digit of 5802941612?
9
What is the ten thousands digit of 30479391?
7
What is the units digit of 10726403?
3
What is the thousands digit of 555045833?
5
What is the millions digit of 1237859983?
7
What is the units digit of 3435046361?
1
What is the ten thousands digit of 394810438?
1
What is the units digit of 443926670?
0
What is the millions digit of 1693995777?
3
What is the ten millions digit of 146275326?
4
What is the hundreds digit of 8281506067?
0
What is the ten thousands digit of 125337542?
3
What is the hundred millions digit of 708020214?
7
What is the millions digit of 621158676?
1
What is the ten thousands digit of 98720431?
2
What is the units digit of 4189765767?
7
What is the hundred thousands digit of 587500332?
5
What is the hundred thousands digit of 3756762649?
7
What is the units digit of 896933522?
2
What is the ten thousands digit of 59237607?
3
What is the millions digit of 2053032693?
3
What is the ten thousands digit of 560430190?
3
What is the billions digit of 3744201787?
3
What is the thousands digit of 2031063195?
3
What is the ten millions digit of 142894474?
4
What is the tens digit of 182883910?
1
What is the tens digit of 112075335?
3
What is the units digit of 201714931?
1
What is the thousands digit of 58902374?
2
What is the ten millions digit of 14810180?
1
What is the units digit of 582313379?
9
What is the tens digit of 106473903?
0
What is the units digit of 53986396?
6
What is the millions digit of 50955556?
0
What is the millions digit of 455709512?
5
What is the ten millions digit of 875797988?
7
What is the billions digit of 2432382409?
2
What is the tens digit of 1942088?
8
What is the units digit of 2801354087?
7
What is the hundred thousands digit of 10436366?
4
What is the thousands digit of 50500865?
0
What is the ten thousands digit of 3991506603?
0
What is the hundred thousands digit of 33766412?
7
What is the ten millions digit of 127825851?
2
What is the tens digit of 57241795?
9
What is the tens digit of 182988247?
4
What is the thousands digit of 10647657?
7
What is the millions digit of 397569946?
7
What is the ten millions digit of 76322428?
7
What is the hundred millions digit of 142650259?
1
What is the units digit of 21356012?
2
What is the thousands digit of 2296255321?
5
What is the units digit of 52270234?
4
What is the hundred thousands digit of 1986594519?
5
What is the units digit of 367762747?
7
What is the millions digit of 32756394?
2
What is the thousands digit of 261906120?
6
What is the hundred millions digit of 4227866312?
2
What is the thousands digit of 832816297?
6
What is the tens digit of 37085466?
6
What is the hundreds digit of 667975461?
4
What is the hundred thousands digit of 1081732258?
7
What is the hundreds digit of 2545335805?
8
What is the billions digit of 4188712651?
4
What is the units digit of 93772780?
0
What is the hundred millions digit of 115647286?
1
What is the thousands digit of 994689001?
9
What is the hundreds digit of 403614480?
4
What is the ten thousands digit of 3791039107?
3
What is the units digit of 68771111?
1
What is the thousands digit of 912459272?
9
What is the hundred millions digit of 3649926765?
6
What is the units digit of 1518562670?
0
What is the tens digit of 1815971?
7
What is the hundreds digit of 1082817014?
0
What is the units digit of 3924553623?
3
What is the thousands digit of 116690212?
0
What is the hundred thousands digit of 112238048?
2
What is the thousands digit of 173884832?
4
What is the hundreds digit of 35028703?
7
What is the hundreds digit of 1712088070?
0
What is the ten thousands digit of 108973051?
7
What is the tens digit of 3952406201?
0
What is the billions digit of 4461610171?
4
What is the hundred thousands digit of 70644504?
6
What is the millions digit of 2212600177?
2
What is the ten tho